 units digit of r(l)?
1
Suppose -67 = -3*y - 5*k + 73, -2*y + 98 = k. Suppose -c - y = c. What is the units digit of c/(-2)*4/5?
0
Let n(y) = y**3 - 9*y**2 + y + 7. Let k be n(9). Let a(s) = s + 1. Let l be a(-4). Let m = l + k. What is the units digit of m?
3
Let s = 4 + 0. Let c = s + -3. What is the units digit of c?
1
Suppose -5*t + 0*p = p - 334, t + 2*p - 65 = 0. What is the tens digit of t?
6
Let x = 5 + -2. Let v(w) = -w - 1. Let h be v(-4). Suppose -h = 3*u - 4*u - 2*q, -u + x*q + 18 = 0. What is the units digit of u?
9
Let q(r) = -r**2 + 5*r + 1. Let o be q(3). Let v be o - (0 - 6/(-3)). Suppose a - v = 0, 4*n + 3*a - 38 = 5. What is the units digit of n?
7
Let i = 0 - 4. Let w = i + 4. Suppose w = 2*j - 0*j - 6. What is the units digit of j?
3
Let g = 65 - 45. What is the units digit of g?
0
Suppose -4*o = 5*r - 6, -1 = -3*r + 5*r + 5*o. Let d = -5 - -17. Suppose -5*w - 7 = 2*c + d, -3*w - 9 = r*c. What is the units digit of c?
3
Let g be (-4)/8 - 1/2. Let s be (-1 - -5)/((-2)/g). Let c = s - -5. What is the units digit of c?
7
Let t(g) = -2*g - 10*g - 4*g. What is the tens digit of t(-1)?
1
Let v be 10*(-2)/(-5)*1. What is the units digit of (-10)/(-4) + (-2)/v?
2
Let b be (1 - -1)/(12/(-18)). Let j be 3 + 1 + b + 1. Suppose 3*v = j*l - 14, 4*v + v + 21 = 3*l. What is the units digit of l?
7
What is the tens digit of 2 + 2/((-4)/(-54))?
2
Suppose -2*x = -3*x - 4, -9 = -j + 2*x. Let s = j - -2. Suppose -s*r - 1 = -4. What is the units digit of r?
1
Let v(t) = 2*t**2 + 10*t + 21. What is the units digit of v(-2)?
9
Let o be (1 - (-3 + 7)) + 6. Suppose -3*c = -3 - o. What is the units digit of c?
2
Let g(f) = -f**3 + f + 2. Let h be g(0). Suppose 3*d + h - 89 = 0. What is the tens digit of d?
2
Suppose -2*g - 16 + 4 = 0. Let y be -3*(-2)/(-3) - g. Suppose 2*p = -0*v + 3*v, -v + y = 0. What is the units digit of p?
6
Let s = 21 + 91. What is the hundreds digit of s?
1
Let r(o) = o**3 - 7*o**2 + 6*o + 3. Let h be r(6). Suppose -n = -0*n + h. Let c = n - -6. What is the units digit of c?
3
What is the tens digit of (2 - 1)*1 + 113?
1
What is the tens digit of 328/6 - (-40)/30?
5
Let f(v) = -15*v + 2. What is the units digit of f(-4)?
2
Suppose 0*z = g + 3*z - 4, g = -5*z + 2. What is the units digit of g?
7
Suppose 0 = 2*i - 6, 0 = -0*n - 3*n - i - 6. Let r be ((-2)/3 + 0)*n. Suppose q + 3*d - 15 = -q, r*q - 14 = -4*d. What is the units digit of q?
9
Let n(v) = -2*v + 5. Suppose 4*o = -h - 30, 2*o - 5*h = -0*o - 4. What is the tens digit of n(o)?
1
Let t = -2 - -5. What is the units digit of ((-1)/t)/((-2)/18)?
3
What is the units digit of 0/1 - (12*-4 - 0)?
8
Let l = -12 - -9. What is the tens digit of 17 - (l - (-3)/1)?
1
Let x(i) = -i**3 + 4*i**2 + 4*i + 2. Let p be x(5). What is the tens digit of p/(-2)*102/9?
1
Suppose 3*d - 8*d + 10 = 0. Let c(z) = -z**3 + 7*z**2 - 6*z + 8. Let v be c(6). Suppose -2*o = 3*o + d*u, -v = o + 2*u. What is the units digit of o?
2
Let w be (-4)/(-4)*(6 - -1). What is the units digit of (-3)/w + (-177)/(-21)?
8
Suppose -24 - 11 = 5*b. What is the units digit of 1 - b*(-1 - -2)?
8
Suppose 0 = 3*h + 2*w - 15, 3*h + 5*w - 3 = 21. Suppose h*r + r + 52 = 0. What is the tens digit of r/(-1)*(-1 + 2)?
1
Suppose -12 = -4*z + 8. Suppose -2*q = 4*l - 2*l, 2*l + 9 = -5*q. Suppose z*f = l*f + 16. What is the units digit of f?
8
Let j be ((-1 + 1)/2)/(-1). Let z = 1 - j. What is the units digit of z?
1
Suppose -2*r + 2*m = -r - 19, -4*r = 5*m - 50. Let a = 48 - r. What is the units digit of a?
3
Suppose -97 = 11*b - 12*b. What is the units digit of b?
7
Let r(h) = 6*h - 3. Let f be r(3). Suppose 0 = 3*u - 0 + f. What is the units digit of u/(-1 + 0/3)?
5
Suppose 3*p + p + 16 = 0, -p = 3*a - 128. Let t = a - 21. What is the units digit of t?
3
Let z be ((-4)/10 + 1)*10. Suppose 3*p + 3*g + z = -0*p, -5*p = -2*g - 25. What is the units digit of p?
3
Suppose -429 - 771 = -10*s. What is the units digit of s?
0
Let n(z) = z**2 + 4*z + 9. What is the units digit of n(-6)?
1
Let n(c) = -c - 1. Let g be n(-4). Suppose 11 = -3*p + 7*p + 3*d, 0 = -g*p - 4*d + 10. Suppose 3*m - 5*t = -p*t, -2*t = -m - 3. What is the units digit of m?
3
Let v(x) be the second derivative of x**4/12 - 7*x**3/6 - 7*x**2/2 + 3*x. What is the units digit of v(10)?
3
Let f(o) = o**3 - 9*o**2 + 6*o - 13. Let c = 32 - 23. What is the tens digit of f(c)?
4
Suppose 4*r - 3 = 9. Suppose -3*t - r*v = -21, -2*v - 3 + 1 = 0. What is the units digit of (-1 - 2)*t/(-12)?
2
Let s(z) = z**2 - 3*z + 3. Let c be s(4). Suppose -2*j + c*j + 40 = 0. Let d = j + 14. What is the units digit of d?
6
Let b be -1*(3 + -3)*1. Let u(k) = k**2 + k + 15. What is the tens digit of u(b)?
1
Suppose 0 = 2*o - 7*o. Suppose -4*h - k = 2*k + 1226, -k + 2 = o. What is the units digit of (-10)/(-65) + h/(-26)?
2
Let c be 1 - -1 - (-6 - -6). Suppose c*w + 6 = 18. What is the units digit of (-6)/(-4)*28/w?
7
Let y be 2 + 0 + -1 + -2. Let i = y + 1. What is the units digit of (-2 - (-1 - i)) + 8?
7
Let a(o) = o**3 + 5*o**2 - 6*o - 6. Let b be a(-6). What is the units digit of -1*84/(2 + b)?
1
Let n(o) = -o**2 + 6*o + 4. Let s be n(6). Suppose 12 = s*d, 4*i - 12 = 4*d + 4. Suppose 0*b + b = i. What is the units digit of b?
7
What is the units digit of 9/(-2)*((-700)/(-15))/(-5)?
2
Let o be ((-12)/(-16))/1*-4. What is the units digit of ((-14)/o)/(4/6)?
7
Let k(j) = -j - 8. Let n be k(7). What is the units digit of 156/n*(-5)/2?
6
Let k(q) = -4*q + 2. Let l be k(7). What is the units digit of 10*(3 - l/(-10))?
4
Suppose b - 3*x = 177, 0 = -b - 2*b + 5*x + 535. What is the tens digit of b?
8
Let y(w) = -3*w - 17. What is the units digit of y(-8)?
7
Let q(u) = 2*u - 3. What is the tens digit of q(11)?
1
Suppose -2*c = -0*c - 14. What is the units digit of c?
7
Suppose 0 = -4*m + 3 + 1. Let f = 9 - m. What is the units digit of f?
8
Let r be 24/36*9/2. Suppose 19 = r*u + 1. What is the units digit of u?
6
What is the tens digit of 4/26 + ((-19020)/26)/(-3)?
4
Suppose -5*b = -q - 175, 150 = 3*b + 2*b + 4*q. Let w = b - 1. Let n = w - 22. What is the units digit of n?
1
Let k(l) = 13*l + 6. What is the tens digit of k(3)?
4
Suppose -18 = -6*r + 8*r. Let t = 37 - 52. Let a = r - t. What is the units digit of a?
6
Let r = -16 + 29. What is the units digit of r?
3
Let t(m) be the third derivative of -1/2*m**3 + 0*m + 0 + 1/24*m**4 + 2*m**2. What is the units digit of t(9)?
6
Suppose -3*m - 2*m = -110. Let n(z) = 5*z - 6. Let v be n(10). What is the tens digit of 268/m + (-8)/v?
1
Let v(b) = 240*b**2 - 3*b - 2. What is the hundreds digit of v(-1)?
2
Let a(j) = 5*j**2 - 2*j - 3. What is the units digit of a(-2)?
1
Let t(y) = y**3 - 8*y**2 + 4*y + 6. Let j be t(8). What is the units digit of j*(3 + -4)/(-2)?
9
Let y(g) = g + 7. Let t be y(0). Let p(s) = 2*s + 9. Let z(f) = -3*f - 14. Let h(r) = 8*p(r) + 5*z(r). What is the units digit of h(t)?
9
Let k(m) = -415*m - 4. What is the units digit of k(-1)?
1
Let n(o) = o**3 + 3*o**2 + o. Let b be n(-2). Suppose b*t = 6*t - 8. What is the units digit of t/(-7) - 69/(-21)?
3
Let x be (-9)/(-6)*16/6. What is the units digit of 19*x/(-12)*-3?
9
Let p(k) be the third derivative of 0 + 1/24*k**4 + 1/120*k**6 - 2*k**2 + 1/6*k**3 + 0*k + 1/20*k**5. What is the units digit of p(-2)?
3
Let w(b) = -10*b - 1. Suppose 4*t - 3*i = 24, 5 + 6 = -3*t - 5*i. Suppose 4*y + t*h = -13, 3*y + 0*y + 9 = -2*h. What is the units digit of w(y)?
9
Suppose -170 = 3*j - 542. What is the units digit of j?
4
Let b(g) = 17*g**2 - 3*g - 1. Let m be b(-2). Suppose -5*v + 11 = 3*o - m, -v + 3*o + 24 = 0. What is the units digit of v?
8
Let v be (-3)/(-1) - (-1 - -2). What is the tens digit of (-262)/(-14) + v/7?
1
Let k be 8 + -6*(-3)/(-6). Suppose k*f = 352 - 132. Suppose -3*h = -7*h + f. What is the tens digit of h?
1
Let f = 85 - 60. Suppose n + n - 92 = 5*w, -n = -1. Let q = f + w. What is the units digit of q?
7
Let j be (-3 + 2)/((-2)/8). Suppose j*o = -0*o - 60. Let l = 22 + o. What is the units digit of l?
7
Let b be 9 + -6 + 1*3. Suppose -8*g = -b*g - 4. What is the units digit of g?
2
Suppose 0 = -5*k - 2*g - 29, k - 2*g = -7*g - 15. Let n(v) = v**2 + 4*v - 1. What is the units digit of n(k)?
4
Suppose 4*d - 1 - 1 = y, 0 = -2*d - 4*y - 8. Let g be -2*(5/(-2) + d). Suppose 5*x